 What is the units digit of t(13)?
9
Let o(w) = -12*w - 39. Let a be o(-5). Suppose 22*l = a*l + 364. What is the units digit of l?
4
Let m be (-16)/72 - 148/(-18). Let n be (-4)/(-18) + m/(-36). Suppose 5*a - 156 - 169 = n. What is the units digit of a?
5
Suppose -33672 = -8*s + 4296. Suppose 4*x - 1210 = s. What is the tens digit of x?
8
Let o(u) be the third derivative of 13/12*u**4 + 0 - 4/3*u**3 + 0*u - 8*u**2. What is the units digit of o(4)?
6
Suppose 9 = 4*n + 25. Let f(g) be the second derivative of -7*g**3/2 - 3*g**2 + 16*g - 12. What is the tens digit of f(n)?
7
What is the tens digit of 0/(168/6) + (-10942)/(-2)?
7
Suppose -v = -4, h + 741*v - 6565 = 744*v. What is the units digit of h?
7
Let x = 211 + 5433. What is the units digit of ((-19)/38)/((-2)/x)?
1
Suppose -2*u = 3*y - 81297, 5*u + 269*y = 264*y + 203260. What is the ten thousands digit of u?
4
Let w be 1/4 + 88/32. Suppose 3*b + 3*v = 15, -3*b - w*v - 3 = -6*v. Suppose -4*z = -b*t - t - 252, -5*t + 63 = z. What is the units digit of z?
3
Suppose 0 = -153*b + 1224094 + 498533 - 297891. What is the thousands digit of b?
9
Let c(h) = h**3 + 6*h**2 + 6*h + 2. Let o be c(-4). Suppose -7*z + 91 = 6*z. Suppose -483 = -o*f + z. What is the units digit of f?
9
Suppose -7*x + 271 = -1206. Suppose 9 = -2*l + x. Suppose 2*t + l = 321. What is the hundreds digit of t?
1
Let d = 41 + -35. Let n(c) = -c**3 + 3*c**2 + c - 2. Let s be n(d). What is the tens digit of (7/2)/((-4)/s)?
9
Suppose 16*d - 728 = -12*d. Suppose -19578 = -d*n - 0*n. What is the hundreds digit of n?
7
Suppose h + 2*g + 10 = 0, 2*h + 2 = 3*g - 18. Let v(q) = q**3 + 13*q**2 + 11*q - 13. What is the hundreds digit of v(h)?
1
Let y(f) = 2171*f - 791. What is the thousands digit of y(5)?
0
What is the ten thousands digit of 329996/(-22)*5148/(-936)?
8
Suppose 8*b - 4*b = 140. Let d = b - 37. What is the tens digit of (-123 + 1)*(d - (-15)/10)?
6
Let g(i) be the first derivative of -39*i**2/2 - 10*i + 7. What is the tens digit of g(-5)?
8
Suppose 8*t - 9*t - 2*j - 2 = 0, 2*t - 3*j = 10. Let m be ((-1533)/(-35))/(-3) - t/5. What is the hundreds digit of 170 + m/10*1*2?
1
Suppose -2*x + 5*l = -4*x + 179, -5*x = 4*l - 422. Suppose 4*z = 2*a + x, -4*z + 8*z + 4*a - 76 = 0. What is the units digit of z?
0
Suppose -2162 + 27728 = 4*g - i, -5*g + 2*i = -31956. What is the hundreds digit of g?
3
Let a be 1/2*(-108)/18. Let c(p) = 111*p + 4. Let r be c(a). Let n = -136 - r. What is the units digit of n?
3
Suppose 90*m = 97*m - 146797. What is the units digit of m?
1
Let u be (-2)/4*4*(-1772)/(-4). Let x be (2/(-4))/(u/(-296) - 3). Let r = x - -58. What is the tens digit of r?
3
Suppose 5*x + 12*x = -799. Suppose -n - 566 = -4*t, -3*t + 180 + 256 = 5*n. Let c = x + t. What is the tens digit of c?
9
Let r(t) = -t**2 + 19*t + 69. Let d be r(22). Suppose 17*m = j + 18*m - 1383, -5*j + d*m = -6899. What is the tens digit of j?
8
Suppose 69*w = 63*w - 66. What is the hundreds digit of (-6 - 960/(-165)) + (-14962)/w?
3
Let m be 221/1 - (-13 + 13). Let x = 26 + m. What is the units digit of x?
7
Let a(b) = 4*b - 8. Let d be a(4). Suppose q - d = 12. What is the hundreds digit of q*((-10)/(-20) + (-30)/(-4))?
1
Let s(t) = -126*t + 1387. Let i be s(11). Let d = -71 - -99. Suppose -3*c - j + 95 = 0, c + i - d = 2*j. What is the units digit of c?
1
Let v = -669 - -3859. What is the hundreds digit of v?
1
Let a(p) = -34567*p - 886. What is the ten thousands digit of a(-1)?
3
Let w be -2 - (-83 + 0) - (-57)/19. Let q = w - 77. Let k(o) = 13*o + 28. What is the hundreds digit of k(q)?
1
Let r(v) = -330*v + 72. Let o be r(-6). Suppose -32*c = -36*c + o. What is the hundreds digit of c?
5
Suppose -h + 2*y - 7*y = 1, -2*h = -3*y - 24. Suppose 0 = h*k + 11 + 61. What is the tens digit of (k - -7) + 3*25?
7
Let g(d) = -34*d + 35. Let q be g(-16). Suppose 2*m + m - 3*a = q, -2 = -a. What is the tens digit of (-8)/(-6)*m/5?
5
Let c(w) = -2 + 52*w + 1 - 51*w + 3*w**2. Let i be c(1). Suppose i*l = -2*b + 187, b + 6*l = l + 90. What is the tens digit of b?
9
Let n be (13 - 5 - (-3)/(-3))*572. Suppose n = 5*l - 2*g, -5*g = 3*l + 1186 - 3576. What is the tens digit of l?
0
What is the hundreds digit of (-25 - 1491/(-71))/(2*(-2)/54902)?
9
Let t be -246*4/(-40) + (-4)/(-10). What is the hundreds digit of ((-3860)/t)/(2/(-5))?
3
Let c(u) = -9*u + 13. Let r be c(0). Let l = r + 81. What is the tens digit of l?
9
Suppose 4*c + 7*c + 100 = -10. Suppose 3*m + 45 - 915 = 0. What is the hundreds digit of ((-4)/c)/(1/m)?
1
Suppose -7590 = -3*l - 3*q, -18*l = -23*l - q + 12630. What is the units digit of l?
5
Let v = -8695 + 13123. What is the hundreds digit of v?
4
Let c be -27 + (0 - (-4 - 0)). Let a = c + 22. What is the tens digit of (-62 + -2 + 4)*a?
6
Let b(l) = -45*l**3 + 21*l**2 + 132*l - 60. What is the tens digit of b(-12)?
4
Suppose -5*p + 75 = -l, -3*p + 261 = -3*l - 0*l. Let b = l - -98. Suppose -b*g + 6*g + 402 = 0. What is the units digit of g?
1
Suppose -18530 = -33*x + 72319. What is the thousands digit of x?
2
Let q = 6 + -6. Let a(r) = 4*r**2 - 3*r - 243. Let w be a(16). Suppose 3*t + q*t = -4*d + w, 0 = 2*d + 2*t - 366. What is the units digit of d?
4
Suppose -35*k + 5690 = 28650. Let o = -288 - k. What is the hundreds digit of o?
3
Let n be 30/(-45)*(-18)/(-4). What is the hundreds digit of (-1)/n*303*3?
3
Suppose -32*c = -2*g + 100516, 13*g - 8*g - 3*c = 251444. What is the hundreds digit of g?
2
Suppose 3228 = q + 4*t, 2*q - 9*t - 6488 = -13*t. What is the hundreds digit of q?
2
Let x be (-11942)/(-4) - (-348)/(-232). Suppose -h - 51 = -4*h. Suppose h*a + 26 = x. What is the hundreds digit of a?
1
Suppose -567 + 2171 = -4*z - 4*d, -2*z - 798 = d. Let p = z - -661. Suppose -5*v - 9 = 11, -p = -2*y + 5*v. What is the hundreds digit of y?
1
Let i(a) = -a**3 + 16*a**2 - 25*a - 17. Let m be i(13). Suppose 0 = 4*r - q - 238, -5*r + 174 = -2*r - 3*q. Let n = m - r. What is the tens digit of n?
0
Suppose 150*d = 147*d + 8322. What is the units digit of d?
4
Let x(f) = 59*f**2 - f + 3. What is the hundreds digit of x(6)?
1
Let u(r) = r**3 + 37*r**2 - 70*r + 11. What is the hundreds digit of u(-37)?
6
Let g = 245 + -243. Suppose -3*v + 0*v = -j + 102, 0 = -g*j + v + 184. What is the tens digit of j?
9
Let b(h) = -1. Let p(t) = -52*t + 26. Let x(k) = 4*b(k) + p(k). What is the units digit of x(-8)?
8
Suppose -43*r = -47*r + 3*t + 2984, -4*r + 2976 = -5*t. What is the hundreds digit of r?
7
Suppose 81*j = -5*c + 86*j + 4410, 4*j = -24. What is the hundreds digit of c?
8
Let j(t) = -32*t + 1616. Let r be j(0). Let n = r - -53. What is the units digit of n?
9
Let l = -14966 + 29583. What is the ten thousands digit of l?
1
Let h(a) = -a**3 + 5*a**2 - 2. Let l be h(5). Suppose 426*f + 45 = 421*f. What is the units digit of (-11 - l)*f/1?
1
Let m(u) = -u**2 + 25*u - 139. Let n be m(12). Suppose -27*z = -n*z - 1110. What is the hundreds digit of z?
1
Let o be 2/3 - (23111/(-33) - 10). Let b = o - 285. What is the units digit of b?
6
Suppose 57*p = 66*p - 46062. What is the units digit of p?
8
Let g = -18653 + 25429. What is the tens digit of g?
7
Let h(o) = -7*o**2 + 28*o - 216. Let x(t) = -9*t**2 + 29*t - 216. Let f(b) = -4*h(b) + 3*x(b). What is the hundreds digit of f(0)?
2
Let m = -316 - -9386. What is the hundreds digit of m?
0
Let a = 12379 - 6415. What is the thousands digit of a?
5
Let o(f) = -f + 12. Suppose -2*k - 24 = -2*n - k, 3*n + 2*k - 50 = 0. Let h be o(n). What is the units digit of 5/h*(-356)/10?
9
Let w be 5/5*-4 - -8. Suppose 5*g - 2*u = -u + 950, -5*g - w*u = -925. Let k = g - 58. What is the tens digit of k?
3
Suppose 81*k - 2159451 = 808713. What is the ten thousands digit of k?
3
Suppose -77*a + 45*a = -74400. What is the units digit of a?
5
Suppose 2857473 - 388879 = 38*p. What is the units digit of p?
3
Let a(o) = -o**3 + 37*o**2 - 19*o - 57. Suppose -6*s - 3*s = -324. What is the hundreds digit of a(s)?
5
Let w = -1955 - -3658. Let z = -838 + w. What is the units digit of z?
5
Let a(z) = -z**2 - 34*z + 4. Let x be a(-34). Suppose -121 = x*g - 429. What is the units digit of g?
7
Let o = -397 + 397. Suppose -k + w = -o*w - 913, -k = 3*w - 925. What is the units digit of k?
6
Let g be 9/(-21) + (-568)/14. Let j = -22 - 21. Let h = g